
17
Suppose 0 = 3*j + j - 32. What is the highest common divisor of j and 12?
4
Let o(v) = -9*v - 21. Let x be o(-5). What is the greatest common divisor of 16 and x?
8
Suppose -6*v - 4*v = -150. Let c = -25 - -160. What is the greatest common divisor of c and v?
15
Let i = -202 + 212. What is the highest common divisor of i and 10?
10
Let n be 0 - -91 - 3/(-3). Suppose -4*g - 4*i + n = 0, 6*i = -3*g + i + 61. What is the highest common factor of 9 and g?
9
Let h be 300/18*(-9)/(-5). Calculate the greatest common factor of 20 and h.
10
Let y(b) = b + 14. Let d be y(-12). Suppose 4*i - l - 252 = -0*l, d*i + 3*l = 140. Calculate the greatest common divisor of 16 and i.
16
Suppose p - 2*p + 277 = 0. Suppose -m + 222 = 4*q + m, 5*q - p = -3*m. Let j = 35 - 27. What is the highest common divisor of j and q?
8
Let j = 137 - 135. Suppose -5*u - 4 = 1. Let k = u - -3. What is the highest common divisor of k and j?
2
Let g(m) = -3*m - 8. Let w be -4 - (-6 - -3)*-1. Let t be g(w). Calculate the highest common factor of t and 39.
13
Let o = -75 - -451. Suppose 0*n = 2*n - o. Suppose 5*w - 200 = -5*i, 0 = -7*i + 3*i + 3*w + n. Calculate the highest common factor of 11 and i.
11
Let g(i) = i**2 - 1. Let j be g(-2). Suppose j*y + 2 = 11. Calculate the greatest common divisor of 15 and y.
3
Suppose 36 - 1 = 5*j. Calculate the highest common divisor of 7 and j.
7
Suppose -4*h - h - 35 = -4*c, -3*c - 3*h = -60. Calculate the highest common factor of 6 and c.
3
Let o be 10/7 + -1 - (-18630)/630. Calculate the highest common divisor of o and 210.
30
Let l be 17/7 - 24/(-42). Let q be -1 + l/1 - -10. What is the highest common factor of 18 and q?
6
Suppose 3*i - 210 = f, 2 = -f - 1. What is the greatest common factor of 46 and i?
23
Let u be 13 + (0 - (5 - 2)). Suppose -3*s - 30 = -4*z - s, -3*s = 15. Let f be 20/((-3)/z - -1). Calculate the highest common divisor of u and f.
10
Let n(f) = f**2 + 5 - f**3 + 0*f**3 - 7*f**2. Let y be n(-6). What is the highest common divisor of y and 10?
5
Let f(g) = -8*g**3 - g**2 - g - 2. Let m = 16 + -18. Let u be f(m). What is the greatest common factor of 12 and u?
12
Let v(s) = -s**3 + 4*s**2 - 3*s + 3. Let t be v(2). Suppose -t*i = -7 - 43. Let h = i + -4. What is the highest common factor of h and 6?
6
Suppose -2*y - 2 = b - 4*y, 0 = -3*b - 2*y + 10. Suppose -2*a + 290 = -p, 5*p + 730 = -b*a + 7*a. Calculate the greatest common divisor of a and 16.
16
Suppose -2*g + 12 = -14. Let u(z) = 8*z + 13. Let n be u(13). What is the highest common divisor of n and g?
13
Suppose 4*r - 333 = 187. Calculate the greatest common divisor of 52 and r.
26
Suppose 17*q = 5*q + 96. What is the greatest common divisor of q and 72?
8
Let d(t) = -t**3 - 2*t**2 - t + 1. Let q be d(-2). Calculate the highest common factor of q and 12.
3
Let j(x) be the third derivative of x**4/24 + x**3/3 - x**2. Let u be j(3). Suppose -u*y + 12 = -3*y. What is the highest common divisor of 3 and y?
3
Let u(j) = j**2 - 4. Let b = -18 + 12. Let c be u(b). What is the greatest common factor of 8 and c?
8
Let o(x) = -x**3 - 7*x**2 + 7*x + 10. Let a be o(-10). Calculate the highest common factor of 30 and a.
30
Suppose -2*l - 2*p + 22 = -94, -4*l = 2*p - 240. Suppose -g = 4*g + 10. Let w be g/5 + l/5. Calculate the highest common divisor of w and 132.
12
Let z = -12 + 8. Let r be (-1 + 36)/(-3 - z). What is the greatest common divisor of r and 14?
7
Let r be (-3)/(-12) - 45/(-12). Suppose 1 + 3 = 2*o + 3*t, r*t = 3*o + 11. Let u be 10*(1 + -2)*o. What is the greatest common factor of 10 and u?
10
Let d(c) be the second derivative of c**4/12 - c**3/2 - 2*c**2 + 2*c. Let x be d(3). Let k be (-2)/4*x/2. What is the highest common factor of 1 and k?
1
Let z(f) = f**2 + 2*f - 7. Let k be z(-6). Let a = 21 - k. What is the highest common divisor of 8 and a?
4
Suppose 0*t = a - 4*t - 18, 4*t = -2*a + 24. Let s be a/21 - (-43)/3. Calculate the greatest common factor of s and 150.
15
Suppose -5*h + 2*q = -2*q - 56, 5*h - 57 = 3*q. Calculate the greatest common divisor of 12 and h.
12
Let j(f) = -f**3 - f**3 + 4*f**3 - 3*f**2 - f**3 + 2. Let v be j(4). Calculate the greatest common factor of 144 and v.
18
Suppose -4*c + 35 = -29. What is the highest common divisor of c and 8?
8
Let f = -5 + 7. Suppose -m = f*m + 5*q - 29, 4*m = q + 77. Calculate the greatest common divisor of m and 54.
18
Suppose -5*t - 292 = 5*l - 8*l, 3*l + 4*t = 301. What is the greatest common divisor of l and 11?
11
Let b(o) = 2*o**2 + 5*o - 6. Let p be b(-6). Suppose 0 = -3*c - 31 + 7. Let u be (c - 1)*4/(-4). Calculate the greatest common divisor of p and u.
9
Suppose -153 + 3 = -2*m. Calculate the highest common factor of m and 15.
15
Suppose 2*t - s = 2, 0 = t + s + 4*s + 10. Suppose -a + 86 = 5*v - t*a, -4*v - 5*a + 52 = 0. What is the greatest common divisor of v and 6?
6
Suppose 0 = -5*t + 41 + 4. Calculate the greatest common divisor of t and 27.
9
Let h be 182/5 - 4/10. Let j(g) = 37*g. Let a(c) = 36*c. Let o(r) = 7*a(r) - 6*j(r). Let t be o(3). Calculate the greatest common divisor of h and t.
18
Suppose -5*y = -6*y + 5. Calculate the greatest common factor of y and 2.
1
Suppose -3*f + 24 = -36. Calculate the greatest common factor of 50 and f.
10
Let s be 28/(-35)*(-10)/4. Suppose 2*m + 2*m = j + 30, -3*j = -s*m + 10. Calculate the highest common factor of m and 24.
8
Let i(s) = 95*s**2 + 2*s - 1. Suppose -4*a - 22 = 4*t - 6, -3*a - 16 = 4*t. Let n = 1 + a. Let v be i(n). What is the highest common divisor of 12 and v?
12
Let d be 6/2 - (-7 + 22). Let r(f) = -f**2 - 13*f + 1. Let q be r(d). What is the greatest common divisor of q and 13?
13
Let q be ((-195)/(-52))/(6/(-8) - -1). Calculate the greatest common factor of q and 6.
3
Let c(d) = 2*d**2 + 7*d - 10. Let q be c(-6). What is the highest common divisor of q and 30?
10
Let q = 6 + -8. Let s = -1 - -1. Let y be 0 - s - (0 + q). Calculate the highest common divisor of 2 and y.
2
Suppose 23 + 42 = r - 3*j, -j + 312 = 4*r. Suppose -2*f + 0 + 22 = 0. What is the highest common factor of r and f?
11
Let i(r) = 2*r**2 - 3*r - 8. Let m be i(4). Calculate the highest common factor of 132 and m.
12
Let t = 20 - 21. Let l be 45 - 2 - 2/t. What is the greatest common factor of l and 9?
9
Let w(h) = 1. Let s(m) = 2*m - 8. Let k(y) = s(y) + 8*w(y). Let t be k(5). What is the greatest common divisor of t and 15?
5
Let t be 348*2*4/16. Let b = t - 114. Calculate the highest common divisor of b and 150.
30
Suppose 2*z + 16 = -2*i - 3*z, 0 = -i - 4*z - 11. Let l be 2/i + (-8)/(-12). Suppose 4*s + 3 - 59 = l. Calculate the greatest common factor of 7 and s.
7
Let x be 90 + 0 + 3 - 3. Calculate the highest common divisor of 10 and x.
10
Suppose -5*n - 59 = -f - 241, 2*f - 104 = -3*n. Suppose 16 = 2*u - 6*u, -2*j + n = -2*u. What is the greatest common divisor of 28 and j?
14
Let u(z) = -z**3 + 6*z**2 - 5*z + 6. Let t be u(4). Let c = 10 - 16. Let r = c + 8. Calculate the greatest common factor of t and r.
2
Let z(s) = -43*s + 4. Let a be z(-4). Suppose 57 = t + 5*l, 2*l - a = -3*t + 34. Let k = 14 + -6. Calculate the greatest common factor of k and t.
8
Let n = -16 + 29. Suppose -5*g + 325 = -0*g. Calculate the greatest common factor of g and n.
13
Let r = -76 - -92. What is the greatest common divisor of 88 and r?
8
Suppose v + v - 40 = -3*f, -v - 4*f = -30. Calculate the highest common divisor of 2 and v.
2
Suppose -3*f = 2*f. Let x = f + 5. Suppose 2*p = x*b - 7, -2*b - 3 = -2*p - 1. Calculate the greatest common factor of 12 and p.
4
Suppose u = -5*v - 0*u + 147, -135 = -5*v - 5*u. What is the greatest common divisor of 6 and v?
6
Suppose -3*s + 4 = -2*s. Let r(w) be the second derivative of w**3 + 2*w**2 + w. Let f be r(s). Calculate the highest common divisor of 14 and f.
14
Suppose -2*x + 6 = z + 3*x, 0 = -4*z - 5*x + 24. Suppose 6*i - 83 = -29. Calculate the highest common divisor of i and z.
3
Let o be (-1 + 3)/(-1) - -13. Suppose 0*h + 6 = 3*h. Let f be h/(4*4/88). Calculate the highest common factor of f and o.
11
Suppose -5*t + 765 = 5*u, -5*u = -t - 2*t + 419. Calculate the highest common divisor of t and 37.
37
Suppose 3*l + 3*d = 408, -l = d + 3*d - 139. Calculate the highest common divisor of l and 54.
27
Suppose -5*x - 4*y = -2419, -x -